{"id":18,"date":"2021-05-18T06:46:42","date_gmt":"2021-05-18T06:46:42","guid":{"rendered":"https:\/\/yoganhatrang.com\/ssmnt\/?page_id=18"},"modified":"2022-12-25T08:58:54","modified_gmt":"2022-12-25T01:58:54","slug":"about","status":"publish","type":"page","link":"https:\/\/yoganhatrang.com\/?page_id=18","title":{"rendered":"V\u1ec0 CH\u00daNG T\u00d4I"},"content":{"rendered":"\n<div class=\"wp-block-columns is-layout-flex wp-container-core-columns-is-layout-9d6595d7 wp-block-columns-is-layout-flex\">\n<div class=\"wp-block-column is-layout-flow wp-block-column-is-layout-flow\" style=\"flex-basis:100%\">\n<div class=\"wp-block-media-text alignwide has-media-on-the-right is-stacked-on-mobile is-vertically-aligned-center is-image-fill has-background\" style=\"background-color:#f1f5c7;grid-template-columns:auto 53%\"><div class=\"wp-block-media-text__content\">\n<div class=\"wp-block-group\" style=\"padding-top:2em;padding-right:2em;padding-bottom:2em;padding-left:2em\"><div class=\"wp-block-group__inner-container is-layout-flow wp-block-group-is-layout-flow\">\n<p class=\"has-medium-font-size\">C\u00e2u l\u1ea1c b\u1ed9 <strong>Yoga S\u1ee9c s\u1ed1ng m\u1edbi Nha Trang<\/strong> \u0111\u01b0\u1ee3c th\u00e0nh l\u1eadp t\u1eeb n\u0103m 2018 t\u1ea1i \u0111\u1ecba ch\u1ec9 ban \u0111\u1ea7u l\u00e0 s\u1ed1 54, \u0111\u01b0\u1eddng B1, khu \u0111\u00f4 th\u1ecb V\u0129nh \u0110i\u1ec1m Trung, V\u0129nh Hi\u1ec7p, Nha Trang, Kh\u00e1nh H\u00f2a v\u1edbi m\u1ee5c \u0111\u00edch mang \u0111\u1ebfn cho kh\u00e1ch h\u00e0ng nh\u1eefng tr\u1ea3i nghi\u1ec7m t\u1ed1t nh\u1ea5t v\u1ec1 b\u1ed9 m\u00f4n yoga.<\/p>\n<\/div><\/div>\n<\/div><figure class=\"wp-block-media-text__media\" style=\"background-image:url(https:\/\/yoganhatrang.com\/wp-content\/uploads\/2022\/12\/288947176_1083995295859268_6640116315964862870_n.jpg);background-position:50% 50%\"><img decoding=\"async\" src=\"https:\/\/yoganhatrang.com\/wp-content\/uploads\/2022\/12\/288947176_1083995295859268_6640116315964862870_n.jpg\" alt=\"\" class=\"wp-image-258 size-full\"\/><\/figure><\/div>\n\n\n\n<p><\/p>\n\n\n\n<div class=\"wp-block-media-text alignwide is-stacked-on-mobile is-vertically-aligned-center is-image-fill has-background\" style=\"background-color:#fffdea\"><figure class=\"wp-block-media-text__media\" style=\"background-image:url(https:\/\/yoganhatrang.com\/wp-content\/uploads\/2022\/12\/312923629_611809670742777_2983336026125995565_n-1024x768.jpg);background-position:50% 50%\"><img decoding=\"async\" src=\"https:\/\/yoganhatrang.com\/wp-content\/uploads\/2022\/12\/312923629_611809670742777_2983336026125995565_n-1024x768.jpg\" alt=\"\" class=\"wp-image-165 size-full\"\/><\/figure><div class=\"wp-block-media-text__content\">\n<div class=\"wp-block-group\" style=\"padding-top:2em;padding-right:2em;padding-bottom:2em;padding-left:2em\"><div class=\"wp-block-group__inner-container is-layout-flow wp-block-group-is-layout-flow\">\n<p class=\"has-medium-font-size\" style=\"line-height:1.2\">Trong su\u1ed1t qu\u00e1 tr\u00ecnh ho\u1ea1t \u0111\u1ed9ng v\u00e0 ph\u00e1t tri\u1ec3n v\u1edbi s\u1ef1 y\u00eau m\u1ebfm v\u00e0 \u1ee7ng h\u1ed9 c\u1ee7a c\u00e1c h\u1ecdc vi\u00ean<strong> CLB Yoga S\u1ee9c s\u1ed1ng m\u1edbi<\/strong> kh\u00f4ng ng\u1eebng \u0111\u1ed5i m\u1edbi v\u00e0 ho\u00e0n thi\u1ec7n ph\u01b0\u01a1ng ph\u00e1p t\u1eadp luy\u1ec7n c\u0169ng nh\u01b0 m\u1edf r\u1ed9ng ph\u00f2ng t\u1eadp nh\u1eb1m \u0111\u00e1p \u1ee9ng t\u1ed1t h\u01a1n nhu c\u1ea7u c\u1ee7a h\u1ecdc vi\u00ean v\u00ec th\u1ebf \u0111\u1ebfn n\u0103m 2021 <strong>CLB Yoga S\u1ee9c s\u1ed1ng<\/strong> m\u1edbi \u0111\u00e3 chuy\u1ec3n sang \u0111\u1ecba \u0111i\u1ec3m m\u1edbi t\u1ea1i v\u1ecb tr\u00ed t\u1ea7ng 1, t\u00f2a nh\u00e0 VCN, khu \u0111\u00f4 th\u1ecb V\u0129nh \u0110i\u1ec1m Trung, Nha Trang, Kh\u00e1nh H\u00f2a.<\/p>\n<\/div><\/div>\n<\/div><\/div>\n<\/div>\n<\/div>\n","protected":false},"excerpt":{"rendered":"<p>C\u00e2u l\u1ea1c b\u1ed9 Yoga S\u1ee9c s\u1ed1ng m\u1edbi Nha Trang \u0111\u01b0\u1ee3c th\u00e0nh l\u1eadp t\u1eeb n\u0103m 2018 t\u1ea1i \u0111\u1ecba ch\u1ec9 ban \u0111\u1ea7u l\u00e0 s\u1ed1 54, \u0111\u01b0\u1eddng B1, khu \u0111\u00f4 th\u1ecb V\u0129nh \u0110i\u1ec1m &hellip; <\/p>\n","protected":false},"author":1,"featured_media":0,"parent":0,"menu_order":0,"comment_status":"closed","ping_status":"closed","template":"","meta":{"om_disable_all_campaigns":false,"_monsterinsights_skip_tracking":false,"_monsterinsights_sitenote_active":false,"_monsterinsights_sitenote_note":"","_monsterinsights_sitenote_category":0,"footnotes":""},"class_list":["post-18","page","type-page","status-publish","hentry"],"aioseo_notices":[],"_links":{"self":[{"href":"https:\/\/yoganhatrang.com\/index.php?rest_route=\/wp\/v2\/pages\/18","targetHints":{"allow":["GET"]}}],"collection":[{"href":"https:\/\/yoganhatrang.com\/index.php?rest_route=\/wp\/v2\/pages"}],"about":[{"href":"https:\/\/yoganhatrang.com\/index.php?rest_route=\/wp\/v2\/types\/page"}],"author":[{"embeddable":true,"href":"https:\/\/yoganhatrang.com\/index.php?rest_route=\/wp\/v2\/users\/1"}],"replies":[{"embeddable":true,"href":"https:\/\/yoganhatrang.com\/index.php?rest_route=%2Fwp%2Fv2%2Fcomments&post=18"}],"version-history":[{"count":15,"href":"https:\/\/yoganhatrang.com\/index.php?rest_route=\/wp\/v2\/pages\/18\/revisions"}],"predecessor-version":[{"id":511,"href":"https:\/\/yoganhatrang.com\/index.php?rest_route=\/wp\/v2\/pages\/18\/revisions\/511"}],"wp:attachment":[{"href":"https:\/\/yoganhatrang.com\/index.php?rest_route=%2Fwp%2Fv2%2Fmedia&parent=18"}],"curies":[{"name":"wp","href":"https:\/\/api.w.org\/{rel}","templated":true}]}}